{"id":9539,"date":"2022-12-28T19:16:22","date_gmt":"2022-12-28T18:16:22","guid":{"rendered":"https:\/\/koisiegi.com\/?post_type=product&#038;p=9539"},"modified":"2025-09-07T09:07:19","modified_gmt":"2025-09-07T07:07:19","slug":"aqua-bio-5-milchsaeurebakterien-1000ml","status":"publish","type":"product","link":"https:\/\/koisiegi.com\/index.php\/product\/aqua-bio-5-milchsaeurebakterien-1000ml\/","title":{"rendered":"AQUA-BIO-5 Milchs\u00e4urebakterien 1000ml"},"content":{"rendered":"<p>&nbsp;<\/p>\n<h2>AQUA-BIO-5 Milchs\u00e4urebakterien mit Multiwirkstoffen<\/h2>\n<p>F\u00fcr klares Teichwasser und gesunde Koi.<\/p>\n<p><strong>Eine Dose enth\u00e4lt 1000ml f\u00fcr 150.000 Liter<\/strong><\/p>\n<p>AQUA-BIO-5 ist ein hochwertiges Bio-Konzentrat. Es besteht haupts\u00e4chlich aus fermentierten Milchs\u00e4urebakterien aus 6 verschiedenen St\u00e4mmen und Enzym-Hefezellen aus reinster deutscher Bierhefe.<\/p>\n<h3>AQUA-BIO-5\u00ae\u00a0als Futterzusatz:<\/h3>\n<ul>\n<li>enth\u00e4lt verdauungsf\u00f6rdernde Enzyme, welche F\u00e4ulnis im Darm hemmen, die k\u00f6rpereigene Vitaminsynthese unterst\u00fctzen und die Futterverwertung deutlich f\u00f6rdern<\/li>\n<li>f\u00f6rdert die Sauerstoffverwertung im Fisch<\/li>\n<\/ul>\n<h3>AQUA-BIO-5\u00ae zur Krankheits- und Wundbehandlung:<\/h3>\n<ul>\n<li>heilt und regeneriert kranke Zellen<\/li>\n<li>sch\u00fctzt vor oxidativen Belastungen, wie vor freien Radikalen<\/li>\n<\/ul>\n<p>Dieses\u00a0<strong>100% biologische Probiotika<\/strong>\u00a0wirkt sich \u00e4u\u00dferst positiv auf die Gesundheit der Koi und das Teichwasser aus. Durch die Milchs\u00e4urebakterien werden die Stoffwechselaktivit\u00e4ten verst\u00e4rkt, das Immunsystem deutlich verbessert sowie die im Teichwasser sch\u00e4dlichen Bakterien abgewehrt. Dadurch erh\u00e4ltst du einen\u00a0<strong>nat\u00fcrlich klaren Koiteich<\/strong>, in dem sich Deine Koi wunderbar entwickeln k\u00f6nnen.<\/p>\n<p>Die zellreichen Hefezellen mit Beta-Glucanen und Nucleotiden\u00a0<strong>reparieren und regenerieren erkrankte Zellen im Koi<\/strong>\u00a0und sch\u00fctzen ihn vor freien Radikalen. Dank der hervorragenden Teichwasserqualit\u00e4t durch die Milchs\u00e4urebakterien mit Mulitwirkstoffen f\u00fchlen sich die Koi wieder wohler, werden vitaler und deutlich weniger anf\u00e4llig f\u00fcr Krankheiten.<\/p>\n<p><strong>Das AQUA-BIO-5<\/strong>\u00ae\u00a0<strong>Konzentrat<\/strong>\u00a0enth\u00e4lt au\u00dferdem eine Vielzahl sehr wichtiger Mikron\u00e4hrstoffe, mit ca. 6.000 verschiedenen Proteinen. Darunter befinden sich auch die f\u00fcr das Immunsystem und das Zellwachstum der Koi wichtigen N\u00e4hrstoffe, wie Lysin, Methionin, Cystin, Tryptophan, Selen und weitere.<\/p>\n<p><strong>Haltbarkeit:<\/strong>\u00a0Auch ge\u00f6ffnet mindestens 1 Jahr, im K\u00fchlschrank bis zu 2 Jahren.<\/p>\n","protected":false},"excerpt":{"rendered":"<p>AQUA-BIO-5 Milchs\u00e4urebakterien<\/p>\n","protected":false},"featured_media":9540,"template":"","meta":[],"product_brand":[],"product_cat":[34,40],"product_tag":[64],"class_list":{"0":"post-9539","1":"product","2":"type-product","3":"status-publish","4":"has-post-thumbnail","6":"product_cat-gesundheit","7":"product_cat-wasserbehandlung","8":"product_tag-teichbakterien","9":"product_shipping_class-zubehoer","11":"first","12":"instock","13":"taxable","14":"shipping-taxable","15":"purchasable","16":"product-type-simple"},"_links":{"self":[{"href":"https:\/\/koisiegi.com\/index.php\/wp-json\/wp\/v2\/product\/9539","targetHints":{"allow":["GET"]}}],"collection":[{"href":"https:\/\/koisiegi.com\/index.php\/wp-json\/wp\/v2\/product"}],"about":[{"href":"https:\/\/koisiegi.com\/index.php\/wp-json\/wp\/v2\/types\/product"}],"wp:featuredmedia":[{"embeddable":true,"href":"https:\/\/koisiegi.com\/index.php\/wp-json\/wp\/v2\/media\/9540"}],"wp:attachment":[{"href":"https:\/\/koisiegi.com\/index.php\/wp-json\/wp\/v2\/media?parent=9539"}],"wp:term":[{"taxonomy":"product_brand","embeddable":true,"href":"https:\/\/koisiegi.com\/index.php\/wp-json\/wp\/v2\/product_brand?post=9539"},{"taxonomy":"product_cat","embeddable":true,"href":"https:\/\/koisiegi.com\/index.php\/wp-json\/wp\/v2\/product_cat?post=9539"},{"taxonomy":"product_tag","embeddable":true,"href":"https:\/\/koisiegi.com\/index.php\/wp-json\/wp\/v2\/product_tag?post=9539"}],"curies":[{"name":"wp","href":"https:\/\/api.w.org\/{rel}","templated":true}]}}