{"id":9486,"date":"2022-12-03T17:29:13","date_gmt":"2022-12-03T16:29:13","guid":{"rendered":"https:\/\/koisiegi.com\/?post_type=product&#038;p=9486"},"modified":"2026-03-17T17:32:54","modified_gmt":"2026-03-17T16:32:54","slug":"saki-hikari-gold-5kg","status":"publish","type":"product","link":"https:\/\/koisiegi.com\/index.php\/product\/saki-hikari-gold-5kg\/","title":{"rendered":"Hikari Gold 5kg 2026"},"content":{"rendered":"<p><span style=\"color: #000000\">Hikari Gold ist ein wissenschaftlich fundiertes t\u00e4gliches Futter f\u00fcr Koi und andere Teichfische.\u00a0Die neue Zusammensetzung, mit mehr Spirulina und der Zugabe von Krill, bietet eine noch aktivere Farbverst\u00e4rkung des Hiban (rote Farbe).\u00a0&#8211; Neue verbesserte Formel f\u00fcr noch sch\u00f6nere nat\u00fcrliche Farben.\u00a0&#8211; Unterst\u00fctzt das Immunsystem und die Gesundheit.\u00a0&#8211; F\u00fcr ein hervorragendes Wachstum und Kondition.\u00a0<\/span><\/p>\n","protected":false},"excerpt":{"rendered":"<p>Hikari Gold 5kg<\/p>\n","protected":false},"featured_media":9487,"template":"","meta":[],"product_brand":[],"product_cat":[96,137],"product_tag":[97,157],"class_list":{"0":"post-9486","1":"product","2":"type-product","3":"status-publish","4":"has-post-thumbnail","6":"product_cat-futter","7":"product_cat-hikari","8":"product_tag-futter","9":"product_tag-saki-hikari","11":"first","12":"instock","13":"taxable","14":"shipping-taxable","15":"purchasable","16":"product-type-simple"},"_links":{"self":[{"href":"https:\/\/koisiegi.com\/index.php\/wp-json\/wp\/v2\/product\/9486","targetHints":{"allow":["GET"]}}],"collection":[{"href":"https:\/\/koisiegi.com\/index.php\/wp-json\/wp\/v2\/product"}],"about":[{"href":"https:\/\/koisiegi.com\/index.php\/wp-json\/wp\/v2\/types\/product"}],"wp:featuredmedia":[{"embeddable":true,"href":"https:\/\/koisiegi.com\/index.php\/wp-json\/wp\/v2\/media\/9487"}],"wp:attachment":[{"href":"https:\/\/koisiegi.com\/index.php\/wp-json\/wp\/v2\/media?parent=9486"}],"wp:term":[{"taxonomy":"product_brand","embeddable":true,"href":"https:\/\/koisiegi.com\/index.php\/wp-json\/wp\/v2\/product_brand?post=9486"},{"taxonomy":"product_cat","embeddable":true,"href":"https:\/\/koisiegi.com\/index.php\/wp-json\/wp\/v2\/product_cat?post=9486"},{"taxonomy":"product_tag","embeddable":true,"href":"https:\/\/koisiegi.com\/index.php\/wp-json\/wp\/v2\/product_tag?post=9486"}],"curies":[{"name":"wp","href":"https:\/\/api.w.org\/{rel}","templated":true}]}}