{"id":6829,"date":"2021-03-12T10:28:22","date_gmt":"2021-03-12T09:28:22","guid":{"rendered":"https:\/\/koisiegi.com\/?post_type=product&#038;p=6829"},"modified":"2025-07-17T11:50:34","modified_gmt":"2025-07-17T09:50:34","slug":"biosaxon-25-kg-viehsalz-unjodiert","status":"publish","type":"product","link":"https:\/\/koisiegi.com\/index.php\/product\/biosaxon-25-kg-viehsalz-unjodiert\/","title":{"rendered":"Biosaxon, 25 kg Salz unjodiert"},"content":{"rendered":"<p align=\"center\">\u00a0Reinstes Siedesalz aus \u00d6sterreich<\/p>\n<p>f\u00fcr bedarfsgerechte Tierern\u00e4hrung. Das BIOSAXON Futtermittelsalz wird als Rohstoff f\u00fcr Pr\u00e4mix- und Mischfuttermittel verwendet. Die hohe, konstante Qualit\u00e4t und Verf\u00fcgbarkeit in allen m\u00f6glichen Verpackungsformen garantiert bestm\u00f6glichen Einsatz. Sowohl in der Koihaltung zum auf salzen der Becken oder beim zusetzen eines neuen Bestandes sowie zur Behandlung bei Salzb\u00e4dern <a href=\"https:\/\/victorh10.apconsult.at\/~user547\/wp-content\/uploads\/2018\/01\/Kochsalz-als-Therapeutikum-Pdf-2.pdf\">(siehe Wissenswertes).\u00a0<\/a><\/p>\n<p>Ab einer Bestellmenge von 5 S\u00e4cken\u00a0 bieten wir pers\u00f6nliche Zustellung gegen Aufpreis an . Kontakt unter 0664 \/836 85 85<\/p>\n","protected":false},"excerpt":{"rendered":"<p>Biosaxon, 25 kg Salz unjodiert<\/p>\n","protected":false},"featured_media":6831,"template":"","meta":[],"product_brand":[],"product_cat":[34,40],"product_tag":[105],"class_list":{"0":"post-6829","1":"product","2":"type-product","3":"status-publish","4":"has-post-thumbnail","6":"product_cat-gesundheit","7":"product_cat-wasserbehandlung","8":"product_tag-salz","9":"product_shipping_class-zubehoer","11":"first","12":"instock","13":"taxable","14":"shipping-taxable","15":"purchasable","16":"product-type-simple"},"_links":{"self":[{"href":"https:\/\/koisiegi.com\/index.php\/wp-json\/wp\/v2\/product\/6829","targetHints":{"allow":["GET"]}}],"collection":[{"href":"https:\/\/koisiegi.com\/index.php\/wp-json\/wp\/v2\/product"}],"about":[{"href":"https:\/\/koisiegi.com\/index.php\/wp-json\/wp\/v2\/types\/product"}],"wp:featuredmedia":[{"embeddable":true,"href":"https:\/\/koisiegi.com\/index.php\/wp-json\/wp\/v2\/media\/6831"}],"wp:attachment":[{"href":"https:\/\/koisiegi.com\/index.php\/wp-json\/wp\/v2\/media?parent=6829"}],"wp:term":[{"taxonomy":"product_brand","embeddable":true,"href":"https:\/\/koisiegi.com\/index.php\/wp-json\/wp\/v2\/product_brand?post=6829"},{"taxonomy":"product_cat","embeddable":true,"href":"https:\/\/koisiegi.com\/index.php\/wp-json\/wp\/v2\/product_cat?post=6829"},{"taxonomy":"product_tag","embeddable":true,"href":"https:\/\/koisiegi.com\/index.php\/wp-json\/wp\/v2\/product_tag?post=6829"}],"curies":[{"name":"wp","href":"https:\/\/api.w.org\/{rel}","templated":true}]}}