{"id":5328,"date":"2020-05-30T11:48:19","date_gmt":"2020-05-30T09:48:19","guid":{"rendered":"https:\/\/koisiegi.com\/?post_type=product&#038;p=5328"},"modified":"2024-06-19T09:48:39","modified_gmt":"2024-06-19T07:48:39","slug":"colombo-morenicol-fmc-50","status":"publish","type":"product","link":"https:\/\/koisiegi.com\/index.php\/product\/colombo-morenicol-fmc-50\/","title":{"rendered":"Colombo Morenicol FMC-50, 2,5lt"},"content":{"rendered":"<div id=\"tab-product-description\" role=\"tabpanel\" aria-labelledby=\"ui-id-1\" aria-hidden=\"false\">\n<div>\n<p>Colombo Morenicol FMC-50<\/p>\n<p>FMC-50 wirkt gegen Pilzerkrankung und Wei\u00dfpunktkrankheit. Pilzerkrankungen sind mit dem blo\u00dfen Auge als wei\u00dfe bis gr\u00fcne, wattige Stellen zu erkennen. Die Wei\u00dfpunktkrankheit erkennt man an kleinen wei\u00dfen Punkten auf der Haut, die sich am besten mit Salzkristallen vergleichen lassen.<\/p>\n<\/div>\n<\/div>\n","protected":false},"excerpt":{"rendered":"<p>Colombo Morenicol FMC-50 2,5lt<\/p>\n","protected":false},"featured_media":5329,"template":"","meta":[],"product_brand":[],"product_cat":[34,65],"product_tag":[64],"class_list":{"0":"post-5328","1":"product","2":"type-product","3":"status-publish","4":"has-post-thumbnail","6":"product_cat-gesundheit","7":"product_cat-koibehandlung","8":"product_tag-teichbakterien","9":"product_shipping_class-zubehoer","11":"first","12":"instock","13":"taxable","14":"shipping-taxable","15":"purchasable","16":"product-type-simple"},"_links":{"self":[{"href":"https:\/\/koisiegi.com\/index.php\/wp-json\/wp\/v2\/product\/5328","targetHints":{"allow":["GET"]}}],"collection":[{"href":"https:\/\/koisiegi.com\/index.php\/wp-json\/wp\/v2\/product"}],"about":[{"href":"https:\/\/koisiegi.com\/index.php\/wp-json\/wp\/v2\/types\/product"}],"wp:featuredmedia":[{"embeddable":true,"href":"https:\/\/koisiegi.com\/index.php\/wp-json\/wp\/v2\/media\/5329"}],"wp:attachment":[{"href":"https:\/\/koisiegi.com\/index.php\/wp-json\/wp\/v2\/media?parent=5328"}],"wp:term":[{"taxonomy":"product_brand","embeddable":true,"href":"https:\/\/koisiegi.com\/index.php\/wp-json\/wp\/v2\/product_brand?post=5328"},{"taxonomy":"product_cat","embeddable":true,"href":"https:\/\/koisiegi.com\/index.php\/wp-json\/wp\/v2\/product_cat?post=5328"},{"taxonomy":"product_tag","embeddable":true,"href":"https:\/\/koisiegi.com\/index.php\/wp-json\/wp\/v2\/product_tag?post=5328"}],"curies":[{"name":"wp","href":"https:\/\/api.w.org\/{rel}","templated":true}]}}