{"id":37109,"date":"2024-12-16T17:31:56","date_gmt":"2024-12-16T16:31:56","guid":{"rendered":"https:\/\/koisiegi.com\/?post_type=product&#038;p=37109"},"modified":"2024-12-16T17:47:47","modified_gmt":"2024-12-16T16:47:47","slug":"pondx-fadenalgenvernichter-9kg","status":"publish","type":"product","link":"https:\/\/koisiegi.com\/index.php\/product\/pondx-fadenalgenvernichter-9kg\/","title":{"rendered":"PondX Fadenalgenvernichter 9kg"},"content":{"rendered":"<div class=\"legacy-itemprop-offers\">\n<div class=\"wgm-info shipping_de shipping_de_string delivery-time-ca-3-4-werktage\"><small>Lieferzeit: ca. 3-4 Werktage<\/small><\/div>\n<\/div>\n<div class=\"product-short-description\">\n<ul>\n<li>Innovativer Fadenalgenvernichter f\u00fcr Gartenteiche und Schwimmteiche<\/li>\n<li>Beseitigt Fadenalgen zuverl\u00e4ssig und effektiv<\/li>\n<li>Basierend auf einer einzigartigen Formel mit Salicyls\u00e4ure, stoppt es das Algenwachstum und verhindert die Bildung von Sporen<\/li>\n<li>Unsch\u00e4dlich f\u00fcr alle Teichbewohner und Wasserpflanzen (auch Seerosen), ohne Wasserstoffperoxid und ohne Phosphat, auch f\u00fcr Schwimmteiche empfohlen<\/li>\n<\/ul>\n<\/div>\n<p>Der PondX Fadenalgenvernichter von Nutramare ist die perfekte L\u00f6sung f\u00fcr kristallklare Gartenteiche und Schwimmteiche. Mit seiner innovativen Formel auf Basis von Salicyls\u00e4ure beseitigt er Fadenalgen effektiv, stoppt deren Wachstum und verhindert die Neubildung von Sporen. Dieses hochdosierte Produkt wirkt schnell \u2013 sichtbare Ergebnisse zeigen sich innerhalb von 14-21 Tagen, ohne dabei Teichbewohner oder Wasserpflanzen zu sch\u00e4digen. Frei von Wasserstoffperoxid und Phosphat, ist es die sichere Wahl f\u00fcr Ihren Teich, die Umwelt und alle seine Bewohner. Erleben Sie mit dem PondX Fadenalgenvernichter einen klaren, gesunden Teich \u2013 einfach und sicher.<\/p>\n<h2 class=\"yikes-custom-woo-tab-title yikes-custom-woo-tab-title-anwendung\">Anwendung<\/h2>\n<p><strong>Dosierung und Anwendung: Bei akutem Befall oder erster Anwendung:<\/strong><\/p>\n<ul>\n<li>Einmaldosierung: 1 voller Messl\u00f6ffel (120 g) pro 3000 Liter Teichvolumen<\/li>\n<li>Gleichm\u00e4\u00dfig auf der Oberfl\u00e4che verteilen (Achtung: Nicht auf Wasserpflanzen streuen!)<\/li>\n<li>Behandlung je nach Befallsst\u00e4rke, in den ersten 4 Wochen 2-3 Einmaldosierungen<\/li>\n<li>Bei hartn\u00e4ckigem Befall, Dosierung um 50% erh\u00f6hen<\/li>\n<\/ul>\n<p><strong>Dauerbehandlung:<\/strong><\/p>\n<ul>\n<li>1 voller Messl\u00f6ffel (120g) pro 3000 Liter Teichvolumen je Monat<\/li>\n<li>Bei Wasserwechsel gegebenenfalls nachdosieren<\/li>\n<li>W\u00e4hrend der Behandlung ausreichend bel\u00fcften<\/li>\n<li>Bei hartn\u00e4ckigem Befall, Dosierung um 50% erh\u00f6hen<\/li>\n<\/ul>\n<p><strong>Experten-Tipp:<\/strong>\u00a0Entfernen Sie w\u00e4hrend der Behandlung von Hand so viele Fadenalgen wie m\u00f6glich, um Was-serbelastung und Filterbelastung niedrig zu halten.<\/p>\n","protected":false},"excerpt":{"rendered":"<p>PondX Fadenalgenvernichter 9kg<\/p>\n","protected":false},"featured_media":37107,"template":"","meta":[],"product_brand":[],"product_cat":[34,40],"product_tag":[200,201,202,203,204,205,206,207,208,209,210,211,212,213,214,215],"class_list":{"0":"post-37109","1":"product","2":"type-product","3":"status-publish","4":"has-post-thumbnail","6":"product_cat-gesundheit","7":"product_cat-wasserbehandlung","8":"product_tag-algenfreie-schwimmteiche","9":"product_tag-effektive-algenkontrolle","10":"product_tag-fadenalgenvernichter-kaufen","11":"product_tag-klare-gartenteiche","12":"product_tag-langlebiger-teichschutz","13":"product_tag-naturbasierte-algenbekaempfung","14":"product_tag-nutramare-teichpflege","15":"product_tag-online-teichpflege-shop","16":"product_tag-pondx-algenmittel","17":"product_tag-salicylsaeure-algenbehandlung","18":"product_tag-schnelle-teichreinigung","19":"product_tag-schonend-fuer-flora-und-fauna","20":"product_tag-sichere-teichbehandlung","21":"product_tag-teichpflege-ohne-chemie","22":"product_tag-teichpflegeprodukte-online","23":"product_tag-umweltfreundliche-teichprodukte","24":"product_shipping_class-zubehoer","26":"first","27":"instock","28":"taxable","29":"shipping-taxable","30":"purchasable","31":"product-type-simple"},"_links":{"self":[{"href":"https:\/\/koisiegi.com\/index.php\/wp-json\/wp\/v2\/product\/37109","targetHints":{"allow":["GET"]}}],"collection":[{"href":"https:\/\/koisiegi.com\/index.php\/wp-json\/wp\/v2\/product"}],"about":[{"href":"https:\/\/koisiegi.com\/index.php\/wp-json\/wp\/v2\/types\/product"}],"wp:featuredmedia":[{"embeddable":true,"href":"https:\/\/koisiegi.com\/index.php\/wp-json\/wp\/v2\/media\/37107"}],"wp:attachment":[{"href":"https:\/\/koisiegi.com\/index.php\/wp-json\/wp\/v2\/media?parent=37109"}],"wp:term":[{"taxonomy":"product_brand","embeddable":true,"href":"https:\/\/koisiegi.com\/index.php\/wp-json\/wp\/v2\/product_brand?post=37109"},{"taxonomy":"product_cat","embeddable":true,"href":"https:\/\/koisiegi.com\/index.php\/wp-json\/wp\/v2\/product_cat?post=37109"},{"taxonomy":"product_tag","embeddable":true,"href":"https:\/\/koisiegi.com\/index.php\/wp-json\/wp\/v2\/product_tag?post=37109"}],"curies":[{"name":"wp","href":"https:\/\/api.w.org\/{rel}","templated":true}]}}