{"id":37015,"date":"2024-09-19T10:43:46","date_gmt":"2024-09-19T08:43:46","guid":{"rendered":"https:\/\/koisiegi.com\/?post_type=product&#038;p=37015"},"modified":"2026-03-16T18:48:26","modified_gmt":"2026-03-16T17:48:26","slug":"aquaforte-schwimmskimmer-300mm","status":"publish","type":"product","link":"https:\/\/koisiegi.com\/index.php\/product\/aquaforte-schwimmskimmer-300mm\/","title":{"rendered":"Aqua Forte Schwimm-Skimmer 300mm mit Gitterkorb"},"content":{"rendered":"<p>AquaForte Schwimmskimmer 300mm<\/p>\n<p>Das ist die XL-Version des XL-Skimmer mit einem Filterkorb aus Edelstahl. Die Basis und der Skimmer sind aus ABS gefertigt. Kann ohne Korb verwendet werden, wenn er direkt an einen Vorfilter wie z. B. ein UltraSieve angeschlossen wird. Jedoch ist der praktische Korb ideal als Vorfilter-Einsatz und kann durch seine Gr\u00f6\u00dfe viel Laub und anderes Materialaufnehmen. So hat die Pumpe den Idealen Schutz vor gro\u00dfen Partikel um eine St\u00f6rungsfreien Einsatz zu garantieren.<\/p>\n<ul>\n<li>Material: Kunststoff<\/li>\n<li>Durchmesser:300 mm \u00d8<\/li>\n<li>Einlass Anschluss 110mm<\/li>\n<li>Durchfluss 5000-7500 Liter<\/li>\n<\/ul>\n","protected":false},"excerpt":{"rendered":"<p class=\"text-xl mb-1 md:text-3xl text-primary title-font\">Aqua Forte Schwimm-Skimmer 300mm mit Gitterkorb<\/p>\n","protected":false},"featured_media":37016,"template":"","meta":[],"product_brand":[],"product_cat":[62,39],"product_tag":[207,208,209,210,211,212,63,217,218,213,214,215,219],"class_list":{"0":"post-37015","1":"product","2":"type-product","3":"status-publish","4":"has-post-thumbnail","6":"product_cat-skimmer","7":"product_cat-zubehoer","8":"product_tag-online-teichpflege-shop","9":"product_tag-pondx-algenmittel","10":"product_tag-salicylsaeure-algenbehandlung","11":"product_tag-schnelle-teichreinigung","12":"product_tag-schonend-fuer-flora-und-fauna","13":"product_tag-sichere-teichbehandlung","14":"product_tag-skimmer","15":"product_tag-skimmer-aquaforte-110mmskimmer-schwimmskimmer","16":"product_tag-teichpflege","17":"product_tag-teichpflege-ohne-chemie","18":"product_tag-teichpflegeprodukte-online","19":"product_tag-umweltfreundliche-teichprodukte","20":"product_tag-wasseroberflaechenreinigen-nein","21":"product_shipping_class-zubehoer","23":"first","24":"instock","25":"taxable","26":"shipping-taxable","27":"purchasable","28":"product-type-simple"},"_links":{"self":[{"href":"https:\/\/koisiegi.com\/index.php\/wp-json\/wp\/v2\/product\/37015","targetHints":{"allow":["GET"]}}],"collection":[{"href":"https:\/\/koisiegi.com\/index.php\/wp-json\/wp\/v2\/product"}],"about":[{"href":"https:\/\/koisiegi.com\/index.php\/wp-json\/wp\/v2\/types\/product"}],"wp:featuredmedia":[{"embeddable":true,"href":"https:\/\/koisiegi.com\/index.php\/wp-json\/wp\/v2\/media\/37016"}],"wp:attachment":[{"href":"https:\/\/koisiegi.com\/index.php\/wp-json\/wp\/v2\/media?parent=37015"}],"wp:term":[{"taxonomy":"product_brand","embeddable":true,"href":"https:\/\/koisiegi.com\/index.php\/wp-json\/wp\/v2\/product_brand?post=37015"},{"taxonomy":"product_cat","embeddable":true,"href":"https:\/\/koisiegi.com\/index.php\/wp-json\/wp\/v2\/product_cat?post=37015"},{"taxonomy":"product_tag","embeddable":true,"href":"https:\/\/koisiegi.com\/index.php\/wp-json\/wp\/v2\/product_tag?post=37015"}],"curies":[{"name":"wp","href":"https:\/\/api.w.org\/{rel}","templated":true}]}}