{"id":36687,"date":"2024-05-30T12:55:59","date_gmt":"2024-05-30T10:55:59","guid":{"rendered":"https:\/\/victorh10.apconsult.at\/~user547\/?post_type=product&#038;p=36687"},"modified":"2024-09-16T11:41:52","modified_gmt":"2024-09-16T09:41:52","slug":"aquaforte-flow-v-20-30-luftpumpe","status":"publish","type":"product","link":"https:\/\/koisiegi.com\/index.php\/product\/aquaforte-flow-v-20-30-luftpumpe\/","title":{"rendered":"AquaForte Flow V-20\/30 Luftpumpe"},"content":{"rendered":"<p>Die V-Serie ist eine sehr leise und zugleich kr\u00e4ftige Luftpumpen-Serie. Dank der doppelten Luftkammer erzeutgt sie hohe Leistung und ordentlich Druck. Das Geh\u00e4use ist aus einer hochwertiger Aluminium Legierung. Sie ist f\u00fcr den dauerhaften Betrieb geeignet.<\/p>\n<p>Sie k\u00f6nnen an diese Pumpe auch einen Schlauch 9\/12mm anschlie\u00dfen.<\/p>\n<p>Luftsteine, Schlauch sind bei uns erh\u00e4ltlich, einfach anrufen und mit bestellen da sie nicht im Shop gelistet sind!<\/p>\n<p>F\u00f6rdermenge: 1200 -1500lt<\/p>\n","protected":false},"excerpt":{"rendered":"<p>AquaForte Flow V-20 \/ 30 Luftpumpe<\/p>\n","protected":false},"featured_media":36707,"template":"","meta":[],"product_brand":[],"product_cat":[142,24],"product_tag":[],"class_list":{"0":"post-36687","1":"product","2":"type-product","3":"status-publish","4":"has-post-thumbnail","6":"product_cat-filtertechnik-zubehoer","7":"product_cat-pumpen","9":"first","10":"instock","11":"taxable","12":"shipping-taxable","13":"purchasable","14":"product-type-variable"},"_links":{"self":[{"href":"https:\/\/koisiegi.com\/index.php\/wp-json\/wp\/v2\/product\/36687","targetHints":{"allow":["GET"]}}],"collection":[{"href":"https:\/\/koisiegi.com\/index.php\/wp-json\/wp\/v2\/product"}],"about":[{"href":"https:\/\/koisiegi.com\/index.php\/wp-json\/wp\/v2\/types\/product"}],"wp:featuredmedia":[{"embeddable":true,"href":"https:\/\/koisiegi.com\/index.php\/wp-json\/wp\/v2\/media\/36707"}],"wp:attachment":[{"href":"https:\/\/koisiegi.com\/index.php\/wp-json\/wp\/v2\/media?parent=36687"}],"wp:term":[{"taxonomy":"product_brand","embeddable":true,"href":"https:\/\/koisiegi.com\/index.php\/wp-json\/wp\/v2\/product_brand?post=36687"},{"taxonomy":"product_cat","embeddable":true,"href":"https:\/\/koisiegi.com\/index.php\/wp-json\/wp\/v2\/product_cat?post=36687"},{"taxonomy":"product_tag","embeddable":true,"href":"https:\/\/koisiegi.com\/index.php\/wp-json\/wp\/v2\/product_tag?post=36687"}],"curies":[{"name":"wp","href":"https:\/\/api.w.org\/{rel}","templated":true}]}}