{"id":19552,"date":"2023-09-07T15:49:30","date_gmt":"2023-09-07T13:49:30","guid":{"rendered":"https:\/\/koisiegi.com\/?post_type=product&#038;p=19552"},"modified":"2025-07-03T18:02:55","modified_gmt":"2025-07-03T16:02:55","slug":"nutramare-koi360-tosai-swim-45-kg-25mm","status":"publish","type":"product","link":"https:\/\/koisiegi.com\/index.php\/product\/nutramare-koi360-tosai-swim-45-kg-25mm\/","title":{"rendered":"Nutramare Koi360 Pro Tosai SWIM 4,5 kg"},"content":{"rendered":"<div class=\"product-section\">\n<div class=\"row\">\n<div class=\"large-2 col pb-0 mb-0\">\n<h3 class=\"uppercase mt\"><a href=\"tel:+436648368585\">Info unter +43 664 8368585<\/a><\/h3>\n<\/div>\n<div class=\"large-10 col pb-0 mb-0\">\n<div class=\"panel entry-content\">\n<h2>Nutramare Koi360 Tosai SWIM 2,5mm: F\u00fcr die besondere Aufzucht<\/h2>\n<p>Das Allein-Koifutter Nutramare Koi360 Tosai Swim in der 2,5 mm Variante ist besonders f\u00fcr die Aufzucht von Koi ab 12 cm geeignet. Erg\u00e4nzend zu unserem Koifutter Nutramare Koi360 dient es zur intensiven Aufzucht von Koi. Nutramare Koi360 basiert auf den neuesten wissenschaftlichen Erkenntnissen und ist ern\u00e4hrungsphysiologisch auf die Bed\u00fcrfnisse von Koi abgestimmt. Das optimale Protein-\/Fett-Verh\u00e4ltnis sorgt f\u00fcr eine verbesserte Futterverwertung. Zusatzstoffe zur Unterst\u00fctzung der Gesundheit wie Antioxidantien, Aktivton sowie Kr\u00e4uter\u00f6le und Kr\u00e4uter erhalten die Vitalit\u00e4t Ihres Fisches. Die Futterpellets mit einem Durchmesser von 2,5 mm sorgen f\u00fcr eine optimale Futteraufnahme und Rundumversorgung.<\/p>\n<\/div>\n<\/div>\n<\/div>\n<\/div>\n<div class=\"product-section\">\n<div class=\"row\">\n<div class=\"large-2 col pb-0 mb-0\"><\/div>\n<div class=\"large-10 col pb-0 mb-0\">\n<div class=\"panel entry-content\"><\/div>\n<\/div>\n<\/div>\n<\/div>\n<div class=\"product-section\">\n<div class=\"row\">\n<div class=\"large-2 col pb-0 mb-0\">\n<h5 class=\"uppercase mt\">ZUSAMMENSETZUNG<\/h5>\n<\/div>\n<div class=\"large-10 col pb-0 mb-0\">\n<div class=\"panel entry-content\">\n<h2 class=\"yikes-custom-woo-tab-title yikes-custom-woo-tab-title-zusammensetzung\">Zusammensetzung<\/h2>\n<p>LT Fischmehl [44 %], hydrothermisch aufgeschlossenes Getreide, Lachs\u00f6l [6,5 %], Weizenkeime [5 %], Spirulina [2,5 %], Weizenst\u00e4rke, Mineralstoffe, Krillmehl (1%), Hefeprodukt (reich an MOS und Beta-Glucane), Knoblauchpulver, Traubenkerntrester, Schwarzk\u00fcmmel\u00f6l, Thymian\u00f6l, Rosmarin\u00f6l, Basilikum\u00f6l, Oregano\u00f6l<\/p>\n<p><strong>Analytische Bestandteile:<\/strong><br \/>\nProtein: 42,00 %<br \/>\nRohfett: 12,50 %<br \/>\nRohfaser: 1,55 %<br \/>\nRohasche: 11,30 %<\/p>\n<p><strong>Zusatzstoffe pro kg: Ern\u00e4hrungsphysiologische Zusatzstoffe:<br \/>\n<\/strong>Vitamin D3 (3a671): 3.000 I.E.<br \/>\nEisen (Eisen(II)-carbonat): 187,5 mg<br \/>\nIod (Calciumjodat): 3 mg<br \/>\nKupfer \u2013 (Kupfer (II) Sulfat): 9 mg<br \/>\nMangan (Mangan-(II)-Oxid): 30 mg<br \/>\nZink (Zinkoxid): 120 mg<br \/>\nL-Lysin: 2.000 mg<br \/>\nL-Methionin: 2.000 mg<\/p>\n<p><strong>Technologische Zusatzstoffe:<\/strong><br \/>\nBentonit-Montmorillonit (1m558i): 5.000 mg<br \/>\nTocopherolhaltige Extrakte (1b306i): 800 mg<br \/>\nLecithin (1c322): 5.000 mg<\/p>\n<p><strong>Sensorische Zusatzstoffe:<\/strong><br \/>\nAstaxanthin (2a161j): 20 mg<br \/>\nCantaxathin (2a161g): 30 mg<br \/>\nStevia-Extrakt (CoE 552): 200 mg<\/p>\n<\/div>\n<\/div>\n<\/div>\n<\/div>\n","protected":false},"excerpt":{"rendered":"<ul>\n<li>Steigerung der Farbintensit\u00e4t<\/li>\n<li>Hochwertige Proteine und \u00d6le<\/li>\n<li>Optimaler Mikro-\/Makron\u00e4hrstoffgehalt<\/li>\n<li>Nat\u00fcrliches Kr\u00e4uter\u00f6l zur Unterst\u00fctzung der Fischgesundheit<\/li>\n<\/ul>\n","protected":false},"featured_media":19551,"template":"","meta":[],"product_brand":[],"product_cat":[96,176],"product_tag":[177],"class_list":{"0":"post-19552","1":"product","2":"type-product","3":"status-publish","4":"has-post-thumbnail","6":"product_cat-futter","7":"product_cat-nutra-mare","8":"product_tag-nutramare","9":"product_shipping_class-futter","11":"first","12":"outofstock","13":"taxable","14":"shipping-taxable","15":"purchasable","16":"product-type-simple"},"_links":{"self":[{"href":"https:\/\/koisiegi.com\/index.php\/wp-json\/wp\/v2\/product\/19552","targetHints":{"allow":["GET"]}}],"collection":[{"href":"https:\/\/koisiegi.com\/index.php\/wp-json\/wp\/v2\/product"}],"about":[{"href":"https:\/\/koisiegi.com\/index.php\/wp-json\/wp\/v2\/types\/product"}],"wp:featuredmedia":[{"embeddable":true,"href":"https:\/\/koisiegi.com\/index.php\/wp-json\/wp\/v2\/media\/19551"}],"wp:attachment":[{"href":"https:\/\/koisiegi.com\/index.php\/wp-json\/wp\/v2\/media?parent=19552"}],"wp:term":[{"taxonomy":"product_brand","embeddable":true,"href":"https:\/\/koisiegi.com\/index.php\/wp-json\/wp\/v2\/product_brand?post=19552"},{"taxonomy":"product_cat","embeddable":true,"href":"https:\/\/koisiegi.com\/index.php\/wp-json\/wp\/v2\/product_cat?post=19552"},{"taxonomy":"product_tag","embeddable":true,"href":"https:\/\/koisiegi.com\/index.php\/wp-json\/wp\/v2\/product_tag?post=19552"}],"curies":[{"name":"wp","href":"https:\/\/api.w.org\/{rel}","templated":true}]}}